59
What are the prime factors of 2855425?
5, 114217
What are the prime factors of 697733?
697733
List the prime factors of 665208.
2, 3, 9239
List the prime factors of 16017788.
2, 47, 85201
What are the prime factors of 147110?
2, 5, 47, 313
What are the prime factors of 6434638?
2, 7, 461, 997
List the prime factors of 543103.
11, 97, 509
What are the prime factors of 1070667?
3, 13, 9151
What are the prime factors of 13492226?
2, 11, 127, 439
What are the prime factors of 5073992?
2, 7, 11, 8237
List the prime factors of 3049708.
2, 23, 33149
What are the prime factors of 537884?
2, 134471
List the prime factors of 32478.
2, 3, 5413
What are the prime factors of 5415578?
2, 7, 73, 757
List the prime factors of 65938.
2, 32969
List the prime factors of 640473.
3, 213491
List the prime factors of 330757.
7, 47251
What are the prime factors of 10643516?
2, 13, 197, 1039
List the prime factors of 237428.
2, 59357
List the prime factors of 302009.
302009
List the prime factors of 177819.
3, 59273
List the prime factors of 439643.
41, 10723
What are the prime factors of 344568?
2, 3, 7, 293
List the prime factors of 731053.
731053
What are the prime factors of 12244134?
2, 3, 7, 401, 727
What are the prime factors of 2285278?
2, 43, 26573
What are the prime factors of 419899?
599, 701
List the prime factors of 2105019.
3, 7, 33413
List the prime factors of 2380843.
71, 33533
What are the prime factors of 1480709?
1480709
What are the prime factors of 1007802?
2, 3, 6221
List the prime factors of 75852.
2, 3, 7, 43
What are the prime factors of 10154138?
2, 2053, 2473
List the prime factors of 668310.
2, 3, 5, 22277
List the prime factors of 378414.
2, 3, 21023
List the prime factors of 439921.
23, 31, 617
What are the prime factors of 127124?
2, 61, 521
What are the prime factors of 378658?
2, 7, 17, 37, 43
List the prime factors of 58413.
3, 19471
List the prime factors of 581203.
7, 79, 1051
List the prime factors of 166552.
2, 109, 191
List the prime factors of 1899739.
1049, 1811
What are the prime factors of 156326?
2, 78163
What are the prime factors of 2708743?
67, 40429
What are the prime factors of 2552525?
5, 102101
What are the prime factors of 837464?
2, 104683
What are the prime factors of 6450353?
7, 13, 73, 971
What are the prime factors of 23088912?
2, 3, 7, 11, 6247
List the prime factors of 6572125.
5, 7, 29, 37
What are the prime factors of 2261936?
2, 141371
What are the prime factors of 1261269?
3, 353, 397
What are the prime factors of 4196958?
2, 3, 699493
What are the prime factors of 13245077?
13245077
What are the prime factors of 2142596?
2, 31, 37, 467
List the prime factors of 371533.
199, 1867
What are the prime factors of 975528?
2, 3, 17, 797
List the prime factors of 1542500.
2, 5, 617
What are the prime factors of 1084495?
5, 216899
What are the prime factors of 10273634?
2, 7, 79, 1327
What are the prime factors of 5195711?
379, 13709
List the prime factors of 2363364.
2, 3, 79, 277
What are the prime factors of 404677?
7, 13, 4447
What are the prime factors of 976491?
3, 108499
List the prime factors of 8934891.
3, 7, 425471
What are the prime factors of 23708104?
2, 7, 181, 2339
List the prime factors of 403008.
2, 3, 2099
What are the prime factors of 374644?
2, 229, 409
List the prime factors of 250220.
2, 5, 12511
List the prime factors of 148501.
148501
List the prime factors of 316677.
3, 283, 373
What are the prime factors of 768541?
768541
List the prime factors of 832325.
5, 13, 197
What are the prime factors of 347761?
61, 5701
List the prime factors of 36751.
11, 13, 257
What are the prime factors of 4479660?
2, 3, 5, 41, 607
What are the prime factors of 1703132?
2, 425783
List the prime factors of 3379795.
5, 675959
What are the prime factors of 13381366?
2, 359, 18637
What are the prime factors of 2453527?
19, 263, 491
List the prime factors of 9477593.
613, 15461
List the prime factors of 835051.
7, 119293
List the prime factors of 862576.
2, 11, 13, 29
What are the prime factors of 10177214?
2, 521, 9767
List the prime factors of 8443904.
2, 7, 19, 31
What are the prime factors of 29692?
2, 13, 571
What are the prime factors of 15580868?
2, 127, 30671
List the prime factors of 163613.
163613
What are the prime factors of 4355997?
3, 19, 76421
List the prime factors of 72412.
2, 43, 421
List the prime factors of 1351289.
1351289
List the prime factors of 2727847.
2727847
What are the prime factors of 214595?
5, 167, 257
List the prime factors of 396577.
396577
List the prime factors of 6175574.
2, 43, 71809
List the prime factors of 5430548.
2, 17, 79861
List the prime factors of 736761.
3, 245587
What are the prime factors of 1150871?
1150871
List the prime factors of 541968.
2, 3, 7, 1613
What are the prime factors of 852073?
37, 23029
List the prime factors of 62488.
2, 73, 107
List the prime factors of 149016.
2, 3, 7, 887
What are the prime factors of 292015?
5, 58403
List the prime factors of 192467.
11, 17497
List the prime factors of 157322.
2, 11, 7151
List the prime factors of 42058.
2, 17, 1237
What are the prime factors of 635858?
2, 23, 601
List the prime factors of 6122185.
5, 1224437
What are the prime factors of 176764?
2, 7, 59, 107
What are the prime factors of 476164?
2, 13, 9157
What are the prime factors of 3385766?
2, 1692883
List the prime factors of 2265629.
97, 23357
What are the prime factors of 160479?
3, 11, 1621
List the prime factors of 3049697.
7, 191, 2281
What are the prime factors of 5582110?
2, 5, 61, 9151
What are the prime factors of 528081?
3, 103, 1709
List the prime factors of 100006.
2, 31, 1613
What are the prime factors of 442420?
2, 5, 11, 2011
What are the prime factors of 127231?
13, 9787
List the prime factors of 2591985.
3, 5, 11, 23, 683
List the prime factors of 521023.
521023
What are the prime factors of 1718452?
2, 43, 97, 103
What are the prime factors of 121152?
2, 3, 631
List the prime factors of 9639712.
2, 301241
What are the prime factors of 2758080?
2, 3, 5, 13, 17
What are the prime factors of 2853444?
2, 3, 11, 21617
What are the prime factors of 1051962?
2, 3, 175327
List the prime factors of 120508.
2, 47, 641
What are the prime factors of 2769514?
2, 11, 125887
What are the prime factors of 6233056?
2, 109, 1787
List the prime factors of 268121.
7, 38303
List the prime factors of 1669659.
3, 53, 10501
List the prime factors of 2814518.
2, 7, 201037
What are the prime factors of 25093703?
59, 425317
List the prime factors of 105545.
5, 11, 19, 101
What are the prime factors of 2719747?
2719747
What are the prime factors of 6369086?
2, 191, 16673
List the prime factors of 2340069.
3, 101, 7723
What are the prime factors of 12976602?
2, 3, 487, 4441
What are the prime factors of 4337739?
3, 7, 59, 389
List the prime factors of 2617068.
2, 3, 467
List the prime factors of 124912.
2, 37, 211
List the prime factors of 33914241.
3, 211, 5953
What are the prime factors of 20047225?
5, 11, 269, 271
List the prime factors of 18304779.
3, 6101593
List the prime factors of 8464502.
2, 359, 11789
List the prime factors of 121636.
2, 47, 647
What are the prime factors of 499042?
2, 249521
What are the prime factors of 118230?
2, 3, 5, 7, 563
What are the prime factors of 4564806?
2, 3, 17, 44753
What are the prime factors of 6578708?
2, 29, 56713
List the prime factors of 145949.
145949
List the prime factors of 233326.
2, 116663
List the prime factors of 144566.
2, 41, 43
What are the prime factors of 9055?
5, 1811
List the prime factors of 37081349.
1871, 19819
What are the prime factors of 1113848?
2, 37, 53, 71
List the prime factors of 3100968.
2, 3, 13, 3313
List the prime factors of 85637.
29, 2953
What are the prime factors of 138530?
2, 5, 7, 1979
List the prime factors of 4096014.
2, 3, 13, 17, 3089
List the prime factors of 29262830.
2, 5, 2926283
List the prime factors of 1015240.
2, 5, 17, 1493
List the prime factors of 9382920.
2, 3, 5, 78191
What are the prime factors of 367744?
2, 13, 17
What are the prime factors of 461652?
2, 3, 17, 31, 73
What are the prime factors of 724036?
2, 31, 5839
What are the prime factors of 312222?
2, 3, 17, 3061
What are the prime factors of 100260?
2, 3, 5, 557
What are the prime factors of 858